. Determine s(-102).
-421
Let s(i) = -151*i**2 - 33823*i + 115. What is s(-224)?
-109
Let y(d) = -24100*d - 1229136. What is y(-51)?
-36
Let a(m) = -40*m + 735. Give a(8).
415
Let q(z) = 3258*z + 899227. Determine q(-276).
19
Let r(p) = p**3 + 13*p**2 + 35*p + 882. Give r(-14).
196
Let x(u) = -333*u**2 - 39600*u + 3214. Calculate x(-119).
1
Let c(k) = 152*k**2 - 310*k - 15. Calculate c(2).
-27
Let y(b) = -2629*b - 1153. Give y(-1).
1476
Let r(u) = -u**3 - 352*u**2 - 13018*u + 100. What is r(-42)?
16
Let j(h) = 19*h**2 - 56*h - 544. What is j(-6)?
476
Let s(w) = -68*w**2 - 11209*w + 1776. What is s(-165)?
-39
Let n(a) = 619*a**2 + 16675*a - 995. Calculate n(-27).
31
Let p(u) = 119*u - 4974. What is p(38)?
-452
Let l(r) = 9030*r + 56206. Give l(-6).
2026
Let u(t) = t**3 + 44*t**2 + 509*t + 13953. Determine u(-40).
-7
Let u(s) = 4782*s - 9555. Determine u(2).
9
Let f(p) = -62392*p + 686077. Give f(11).
-235
Let r(o) = 7*o**2 - 132*o - 7734. Calculate r(42).
-930
Let o(v) = v**3 + 203*v**2 - 1035*v + 1127. Give o(-208).
87
Let b(q) = 2*q**2 - 74*q + 1271. What is b(22)?
611
Let o(g) = 61948*g + 120736653. What is o(-1949)?
1
Let i(y) = -y**2 + 203529*y - 9563657. What is i(47)?
-3
Let l(s) = 165*s - 14476. What is l(88)?
44
Let w(c) = c**2 + 55173*c - 165526. Determine w(3).
2
Let h(l) = 126*l + 7790. Calculate h(-54).
986
Let m(i) = 63*i + 1238. What is m(14)?
2120
Let w(v) = 591*v - 174. What is w(0)?
-174
Let x(y) = -y**3 + 18*y**2 - 419*y + 2409. What is x(7)?
15
Let m(f) = 77*f**3 + 537*f**2 + 2*f + 110. Give m(-7).
-2
Let h(f) = -5840*f + 128504. What is h(22)?
24
Let n(b) = 11*b**3 + 3*b**2 - 48*b + 216. What is n(5)?
1426
Let q(b) = -22*b**2 - 1988*b - 740. What is q(-90)?
-20
Let d(h) = 5*h**3 - 23*h**2 + 134*h - 704. Give d(5).
16
Let f(l) = 111*l**2 + 10470*l - 9. Calculate f(-94).
-3393
Let r(m) = 11*m**3 - 2092*m**2 - 5985*m + 384. What is r(193)?
-2
Let a(d) = 6075*d + 18204. Calculate a(-3).
-21
Let g(b) = -12*b**2 + 181*b - 929. Calculate g(5).
-324
Let y(v) = 1343958*v - 6719781. Give y(5).
9
Let n(h) = -4*h**2 + 619*h - 23409. Calculate n(89).
-2
Let p(u) = -14*u**2 + 313*u - 18. Determine p(30).
-3228
Let c(x) = -x**3 + 18*x**2 - 308*x + 4857. What is c(17)?
-90
Let k(s) = -s**3 + 230*s**2 - 10311*s + 341. Determine k(169).
3
Let n(b) = -67*b - 7813. Calculate n(-87).
-1984
Let h(p) = 6*p**3 - 150*p**2 + 86*p + 1467. Calculate h(24).
75
Let v(w) = -20*w**3 - 2*w**2 - 101*w + 213. What is v(2)?
-157
Let f(k) = -290518*k + 6100992. Give f(21).
114
Let l(p) = -884004*p - 4420021. Give l(-5).
-1
Let w(m) = -m**3 - 168*m**2 + 4174*m + 111. Give w(22).
-21
Let c(p) = p**3 - 7*p**2 - 73*p + 354. What is c(11)?
35
Let a(g) = 143*g**2 + 932*g + 112. What is a(-6)?
-332
Let z(h) = -18466*h + 222465. What is z(12)?
873
Let s(f) = -f**3 - 3*f**2 + 4222*f + 8449. Determine s(-2).
1
Let t(x) = 9*x**3 - 1840*x**2 - 1101*x + 15567. Calculate t(205).
-13
Let r(n) = n**3 + 56*n**2 - 56*n + 7100. Calculate r(-59).
-39
Let q(t) = -6*t**2 + 2085*t + 11293. Give q(353).
-356
Let h(j) = 122269*j + 1589509. Give h(-13).
12
Let n(c) = c**2 - 23*c - 662. What is n(60)?
1558
Let l(u) = -20*u**2 + 264*u + 33377. Give l(48).
-31
Let h(p) = -52*p + 11808. Determine h(209).
940
Let v(k) = 4*k**3 + 8*k**2 - 145*k - 1059. What is v(-7)?
-1024
Let p(w) = -w**3 + 724*w**2 - 13390*w - 3528. Give p(705).
-3
Let u(o) = -12*o**2 - 238014*o - 238014. Determine u(-1).
-12
Let b(o) = o**3 - 138*o**2 - 7350*o - 444. Give b(-41).
7
Let y(s) = -208*s - 72783. Give y(-350).
17
Let d(g) = -6*g**3 + 200*g**2 + 1168*g - 63. Give d(-5).
-153
Let f(b) = -4*b**3 - 80*b**2 + 42*b + 473. What is f(-20)?
-367
Let k(c) = -c**3 - 62*c**2 + 8312*c + 7207. Calculate k(-127).
-32
Let a(h) = 4*h**2 + 377*h + 9881. Give a(-55).
1246
Let y(q) = 888*q - 342009. Give y(385).
-129
Let d(z) = 1352*z + 18107. What is d(-12)?
1883
Let i(b) = -b**3 - 156*b**2 - b + 946. Determine i(-156).
1102
Let h(v) = -3078*v + 74. Calculate h(0).
74
Let c(s) = 69017*s + 897167. What is c(-13)?
-54
Let y(c) = -2301*c + 64643. Give y(28).
215
Let j(s) = -s**2 + 4337*s - 210078. Give j(49).
34
Let i(o) = -26277*o - 1944456. Determine i(-74).
42
Let t(j) = -5472*j - 32979. Calculate t(-6).
-147
Let l(t) = -t**3 - 188*t**2 + 21087*t - 1945. Calculate l(-267).
-343
Let u(s) = 260*s - 3642. What is u(14)?
-2
Let p(c) = 21784*c - 87243. Give p(4).
-107
Let p(j) = 439*j + 31700. Calculate p(-72).
92
Let h(n) = -n**2 - 266*n - 14377. Calculate h(-74).
-169
Let p(i) = -4602*i + 101386. What is p(22)?
142
Let w(l) = 586*l + 414247. What is w(-707)?
-55
Let x(l) = -2*l**2 + 3775*l + 739794. What is x(-179)?
-13
Let x(g) = -33*g**3 + 275*g**2 - 68*g - 157. What is x(8)?
3
Let p(o) = o**3 + 295*o**2 + 7266*o + 8043. Determine p(-268).
3
Let l(m) = m**3 + 35*m**2 - 1594*m - 4763. Determine l(28).
-3
Let c(g) = -3*g**2 - 739*g - 31177. Determine c(-54).
-19
Let w(y) = y**3 + 16*y**2 + 1191*y + 17619. Determine w(-15).
-21
Let g(x) = -4*x**2 + 4703*x + 37874. Calculate g(-8).
-6
Let l(d) = -2*d**2 - 52*d + 2498. What is l(-62)?
-1966
Let z(h) = -2*h**2 + 16253*h + 97593. Determine z(-6).
3
Let f(s) = s**3 - 192*s**2 + 519*s + 8006. What is f(189)?
-1066
Let x(p) = 2*p**3 - 10*p**2 + 3451*p - 17272. Determine x(5).
-17
Let z(l) = 2*l**2 + 352*l + 4257. What is z(-158)?
-1431
Let r(k) = -2776*k - 27392. What is r(-10)?
368
Let d(v) = 6*v**3 + 6*v**2 + 1096*v + 2169. Determine d(-2).
-47
Let o(l) = -9588*l - 105470. Determine o(-11).
-2
Let c(q) = q**3 + 3*q**2 + 10209*q + 166680. Determine c(-16).
8
Let g(p) = -15*p**2 - 493*p - 36. Calculate g(-33).
-102
Let u(m) = -m**3 - 57*m**2 - 741*m - 22. What is u(-20)?
-2
Let z(x) = x**2 - 41*x - 2717. Calculate z(42).
-2675
Let r(t) = -6086*t - 67203. Calculate r(-11).
-257
Let t(h) = -18092*h + 144745. Calculate t(8).
9
Let a(b) = 31*b**3 + 6*b**2 + 5*b - 43. Give a(-3).
-841
Let c(n) = n**3 + 190*n**2 - 280416*n + 1894. Determine c(-633).
-5
Let a(s) = s**3 + 147*s**2 + 11*s - 609. What is a(-147)?
-2226
Let l(n) = -3*n**2 - 158251*n + 8. What is l(0)?
8
Let w(t) = 6*t**3 + 115*t**2 + 11*t + 115. Give w(-19).
267
Let q(t) = 540*t - 176605. Determine q(327).
-25
Let n(b) = 2191*b - 108893. Give n(48).
-3725
Let u(z) = -17*z**3 + 12*z**2 - 30*z + 29. Determine u(3).
-412
Let g(u) = -u**3 - 20*u**2 - 66*u + 18. Calculate g(-20).
1338
Let t(n) = -616*n - 14818. Determine t(-23).
-650
Let k(m) = m**2 - 1466835*m - 2933671. What is k(-2)?
3
Let s(k) = 3173*k - 3169. Give s(1).
4
Let i(l) = -3*l**3 - 135*l**2 + 1261*l + 11. What is i(8)?
-77
Let o(n) = 174*n**2 - 1811*n - 1990. Determine o(-1).
-5
Let d(h) = h**2 + 566*h + 36090. What is d(-71)?
945
Let w(i) = 551*i - 6529. What is w(12)?
83
Let w(k) = 5*k**2 - 1705*k + 19729. Determine w(329).
-11
Let m(w) = -2*w**2 + 104*w + 4690. Calculate m(-29).
-8
Let v(q) = 2*q**3 - 255*q**2 - 80*q - 6212. Determine v(128).
-68
Let d(j) = -4*j**3 + 23977*j**2 - 143692*j - 151. Calculate d(6).
5
Let y(b) = -b**3 + 7*b**2 + 419*b + 2725. Calculate y(-7).
478
Let i(b) = 114*b + 5183. Determine i(-55).
-1087
Let v(i) = 222*i + 20610. Give v(-93).
-36
Let j(h) = -4*h**2 + 267*h - 3078. Determine j(15).
27
Let v(s) = 4*s**2 + 1052*s - 3269. Calculate v(-266).
-77
Let b(q) = -2666*q + 30570. Determine b(13).
-4088
Let o(u) = -7*u**2 + 769*u + 13289. Calculate o(125).
39
Let m(r) = 20*r**2 - 53*r - 102. Calculate m(4).
6
Let i(d) = -1002*d + 10161. Determine i(10).
141
Let a(j) = 151*j - 167. Determine a(0).
-167
Let d(b) = -b**3 - 106*b**2 + 70635*b + 985. Give d(-324).
13
Let q(m) = 94213*m + 376846. Give q(-4).
-6
Let u(f) = 3656*f - 32867. What is u(9)?
37
Let d(w) = 6382*w - 4473773. Determine d(701).
9
Let w(c) = -22*c**2 + 3680*c - 11027. Give w(3).
-185
Let t(j) = -j**3 + 15*j**2 - 2272*j + 19935. Determine t(9).
-27
Let z(y) = y**2 - 97*y - 186. Determine z(-4).
218
Let y(s) = -s**3 + 40*s**2 - 320*s + 12. Give y(7).
-611
Let h(z) = 681*z + 17910. What is h(-26)?
204
Let b(i) = -i**3 - 33*i**2 - 32*i - 10. Give b(-32).
-10
Let p(a) = 15786*a + 489342. What is p(-31)?
-24
Let v(w) = 17264*w - 51817. Calculate v(3).
-25
Let l(p) = -35*p - 1939. Give l(-47).
-294
Let v(n) = -63*n**2 + 419*n + 421. Determine v(-1).
-61
Let i(y) = -y**3 + 2*y**2 - 18